g) = -4*g**2 - 6*g - 1. Let t(a) = -3*l(a) + 2*q(a). Calculate t(-5).
-1
Suppose 5*g + 3*u - u = 20, 5*u = 4*g - 49. Let f be (5/(-2))/((-3)/g). Let z(s) be the first derivative of -s**4/4 + 5*s**3/3 + s**2 - 3*s + 1. What is z(f)?
7
Let y(g) = -3*g + 52. Let p be y(6). Suppose -18 + p = -4*m. Let r(a) = -a**3 - 3*a**2 + 2*a + 2. What is r(m)?
10
Let q(t) = 7107 - 7109 - 2*t + 0*t. What is q(-1)?
0
Let t(m) = 4*m + 23. Let g(d) = 9*d + 49. Let f(x) = -3*g(x) + 7*t(x). Determine f(-14).
0
Let h(q) be the second derivative of q**3/6 - 3*q. Let c(w) = -w**3 - 7*w + 7. Let m be (-1)/4*6*12/18. Let k(g) = m*c(g) - 6*h(g). Give k(0).
-7
Let q(p) be the first derivative of p**6/40 - p**5/30 + p**3/6 + 2*p**2 - 1. Let a(t) be the second derivative of q(t). Let o be 2 + -3 + 2 + 0. Give a(o).
2
Let u(y) = -12*y + 2*y - 4*y - 5*y. Give u(2).
-38
Let m be (-32)/(-18) + (-4)/(-18). Let k = 5 - m. Let w(v) = 27 + 27 + v**2 + v - 53 - k*v**3. Calculate w(-1).
4
Let r = 25 + -26. Let p(u) = -5*u**3 - u**2 - 3*u - 3. Let v be p(r). Let o(i) = -i**2 + 5*i + 4. What is o(v)?
8
Let n(f) = -2*f + 3. Suppose 5*r = -d - 0*r, 2*r = -5*d + 69. Suppose -15*h = -12*h - d. What is n(h)?
-7
Let o(r) be the second derivative of -r**5/20 + 5*r**4/12 + 5*r**3/6 + 7*r**2 - 28*r + 7. Give o(6).
8
Let w(s) = 2*s - 17. Let h be w(-4). Let b = -25 - h. Let x(r) be the first derivative of -r**3/3 + r**2/2 + 6*r - 1. Determine x(b).
6
Let o = -137 + 77. Let q = o - -69. Let j(z) = z - 7. Calculate j(q).
2
Let v(h) = 7*h + h**2 + 239 - 698 + 208 + 240. Suppose -3*i + 28 + 13 = -4*r, 4*r = i - 35. Determine v(r).
-3
Let b(c) = 3*c + 3. Let q be b(-2). Let h(d) = -9*d**2 + 3*d + 3. Let w(f) = 11*f**2 - 3*f - 3. Let i(s) = -6*h(s) - 5*w(s). What is i(q)?
-3
Let q(i) = 3*i**2 - i. Let a = 189 + -187. Give q(a).
10
Let x = 119 - 106. Suppose 4*i = -q + 7, -2*q - i + x = -4*q. Let h(s) = 0*s**2 - 3 - 5*s + 8 - s**2. Give h(q).
5
Suppose -1 = 5*v + f, 3*v - 7*f = -12*f - 5. Let o be 3/(-2)*(-3 + 1). Suppose v = p - 0*p - o. Let s(x) = 4*x - 1. Give s(p).
11
Let z(r) = -28 + 10 + 11 + 10*r + 8. Calculate z(2).
21
Let g(c) = 6*c + 19. Let n = 940 + -944. What is g(n)?
-5
Let k = -776 + 781. Let u(y) = y**2 - 8*y + 15. Calculate u(k).
0
Suppose -v = 2*v - 21. Let h(i) = i - 10. Suppose 5*z - 1 - 6 = k, -4*z - 7 = -5*k. Let b(o) = o - 9. Let y(a) = k*b(a) - 2*h(a). What is y(v)?
0
Let h(m) be the second derivative of -m**6/120 + m**5/5 - 5*m**4/12 - 13*m**3/6 - 7*m**2/2 + 22*m. Let p(z) be the first derivative of h(z). Determine p(11).
-2
Let l(h) = 2*h + 3. Let g be l(-4). Let s(a) = -1. Suppose -5*b + 11 = -4*f + 41, -4*f + 24 = -2*b. Let q(n) = -n + 11. Let k(i) = f*s(i) + q(i). What is k(g)?
11
Let o(w) = -w**3 - 11*w**2 - 8*w + 14. Let v be o(-10). Let r(l) = l**2 + 3*l - 10. Let g(p) = -1. Let j(u) = 6*g(u) - r(u). What is j(v)?
-14
Let y(l) = -3*l**2 + 18*l + 36. Let n(k) = -k**2 + 9*k + 17. Let z(a) = 5*n(a) - 2*y(a). Give z(-8).
5
Suppose -6*p + 3*p = -72. Let h = p - 18. Let c(m) = -h + m + 5 - 13. Calculate c(0).
-14
Let d(t) = -t. Let c be d(-1). Let i(o) = -o - 1. Let k(g) = -g**2 - 6*g - 1. Let b(l) = c*k(l) - 4*i(l). What is b(2)?
-5
Let o(c) = 276 + 0*c**2 - c**2 - 283 + 6*c. Suppose -3*p + 12 = p. Let i be o(p). Let b(r) = r**2 - r + 1. Give b(i).
3
Let k(h) = -13*h - 5. Let p be 4/(-22) + (-36)/44. Let w be k(p). Let t(s) = s**3 - 8*s**2 + s - 3. Determine t(w).
5
Let o(h) = 3*h**2 + 2*h + 2. Let c(l) = -2 - 5*l - l**3 - 2*l**3 + 4*l**3 + 5*l**2. Let p be c(-6). Let t be 1/(-2) + 12/p. What is o(t)?
10
Let g(b) = 4 - 3*b**2 + b + 0*b - b**2 - 5. Give g(1).
-4
Let f(m) be the first derivative of m**4/4 - 5*m**3 + 7*m**2 + 5*m + 196. What is f(14)?
5
Let j(b) be the third derivative of b**6/120 - b**5/15 - 7*b**4/24 + b**3/2 - 2*b**2. Let x = 18 + -18. Suppose x = -5*f + 31 - 6. Give j(f).
-7
Let s(x) be the third derivative of -x**5/30 + x**4/6 - x**3/6 + 2*x**2 + 16*x. Let w(c) = -c**3 - 10*c**2 + 11*c + 3. Let u be w(-11). Give s(u).
-7
Let x(n) = 8*n - 2. Let c = -112 - -114. Calculate x(c).
14
Suppose 8*u - 4*u = 112. Let f = 47 - u. Let c = f - 21. Let s(d) = -2*d**3 - 4*d**2 - 2*d + 2. Determine s(c).
6
Let k(w) = -4*w**3 - w - 1. Suppose 3*v + 12 = 3*z, -5*z + 4 + 16 = -3*v. Let i(s) = s**2 + 4 - z*s - 1 - 1. Let y be i(3). Calculate k(y).
4
Let b(y) be the third derivative of -y**6/120 + y**5/10 - y**4/24 + 3*y**3/2 + 330*y**2. Determine b(6).
3
Suppose -16*k = -2*k - 56. Let c(z) = z + 1. Let i(w) = -2*w. Let h = -7 - -4. Let b(t) = h*c(t) - 2*i(t). Determine b(k).
1
Let u(p) be the first derivative of 2*p - 1/2*p**2 - 12 - 1/3*p**3. Give u(-3).
-4
Let g(r) = 2*r + 2*r**2 + 6 + r - 3*r**2. Suppose 14*i = 9*i - 5*n + 30, -4*i + 22 = 2*n. Give g(i).
-4
Let g(a) be the first derivative of -30 + 3*a**3 + 7/2*a**2 - 10*a + 1/4*a**4. Determine g(-8).
-2
Suppose -33 = 2*i + 2*i + 5*j, 0 = -i - 5*j - 27. Let t = i + 4. Let z(g) = -t + 5 + 1 - 2*g. What is z(4)?
-4
Let p(z) be the first derivative of -z**7/420 - z**6/180 + z**5/30 - z**4/12 + 16*z**3/3 - 9. Let b(l) be the third derivative of p(l). Give b(2).
-18
Let f(k) = k**3 - 8*k**3 + 3*k**3. Determine f(1).
-4
Let y(z) = 11*z**2 + 8*z - 7. Let d(j) = 5*j**2 + 3*j - 4. Let s(o) = -4*o + 5. Let c be s(-1). Let h(u) = c*d(u) - 4*y(u). Determine h(7).
6
Let g(q) = -q. Let y(f) = -5*f. Let d be (5 + 1)*3/6. Suppose -r + 3*a = -8 + 19, -d*r + 5*a - 33 = 0. Let n(t) = r*g(t) + 2*y(t). Give n(2).
2
Let s(n) = n**3 - 16*n**2 - 17*n + 5. Suppose -m - 6*m = 14. Let o be m + 15 + (-4)/(-1). Let d be s(o). Let t(y) = -y + 2. What is t(d)?
-3
Let g(z) = -2*z**2 + 15*z - 4. Let p(l) = -l**2 + 8*l - 2. Let w(m) = 3*g(m) - 5*p(m). Give w(2).
4
Suppose -5*y + 32 = 2*s - 3*s, 5 = 2*y - 3*s. Let w = 1 + y. Suppose w*h + 15 = 3*h. Let a(f) = f**3 + 5*f**2 + 3*f - 3. What is a(h)?
6
Let u(l) = 2*l - 3*l**2 - 5*l**3 + 2*l**3 + 1 + 4*l**3. Let r(c) = -c**2 - 8*c + 10. Let n be r(-8). Suppose -n*f - 1 = -21. What is u(f)?
1
Let q(i) = i**2 - 2*i - 4. Suppose -3*l - 2 = -8. Let v be l/2*(2 + 3). Suppose 5*p - 2*p - 27 = -v*f, 3*p = -3*f + 21. What is q(f)?
-1
Let h be (-50)/(-4)*6/5. Let c be 528/30 - (-6)/h. Suppose c - 13 = -g. Let l(a) = a**3 + 4*a**2 - 5*a - 5. Calculate l(g).
-5
Let w(z) = -z**3 + 3*z**2 - z + 1. Suppose -19 = -2*x - 15. Suppose x*h - 3 = h. Determine w(h).
-2
Let w(b) = -4*b**3 - 5*b**2 - 8. Let q(p) = 4*p**3 + 4*p**2 + 7. Let m be (-4)/(-6) - ((-38)/6 + 1). Let j(z) = m*w(z) + 7*q(z). What is j(-1)?
-5
Let l(k) = -k**3 - k**2 - k - 2. Let x(c) = c**2 - c - 4. Let h be x(3). Suppose -3 = s + 3*q, h = -3*s + s - 2*q. Let u be 0/(s + 0 + -2). Calculate l(u).
-2
Let u(q) = -q**3 + 3*q**2 + 4*q - 3. Let k = 12 - -37. Let o = 52 - k. Determine u(o).
9
Let g(i) = -i - 9. Let c be g(-8). Let n(k) be the third derivative of -2/15*k**6 - 1/60*k**5 - 2*k**2 + 0*k + 1/24*k**4 + 1/6*k**3 + 0. Give n(c).
15
Let m(p) = p**3 + 10*p**2 + 8*p - 11. Let f(c) = c - 17. Let g be f(15). Let h be (-1)/(2/(-4))*9/g. Calculate m(h).
-2
Let g(f) = 6*f**2 + 2*f - 12. Let d(z) = -z**2 - 1. Let n(i) = -5*d(i) - g(i). Let u(r) be the first derivative of n(r). Give u(-4).
6
Suppose 0*f + 2*b = 4*f, -3*f + b = -1. Let z be ((-10)/(-4))/(f/(-2)). Let d(u) = u - 3. Calculate d(z).
-8
Suppose -2*h - 4*d - 11 = 3, h - 5*d = 28. Let b(p) = p + 2. What is b(h)?
5
Let d(g) = -3*g. Let o(m) = m. Let p(r) = -d(r) + o(r). Calculate p(1).
4
Let p(z) = -z**3 - 13*z**2 - 13. Let i = 389 + -402. Give p(i).
-13
Let v(s) = -s - 2. Let d be -7*4/8*-2. Let q = -7 + d. Determine v(q).
-2
Let k(o) = -o + 5 - 20 + 18. Calculate k(-6).
9
Let w(c) = 3*c**2 - 2*c**2 - 2*c**2 + 4 + 4*c. Suppose 0 = 5*g + 2*k - 45, 3*g = -0*k + 2*k + 11. What is w(g)?
-17
Let o = 1615 + -1613. Let r(b) be the first derivative of -15/4*b**4 + 1/3*b**3 + b + 3 - b**o. Calculate r(1).
-15
Suppose 8*y + 3*y + 55 = 0. Let w(o) = 2*o**3 + 10*o**2 - 3. Determine w(y).
-3
Let o(j) = 2*j**2 - 2*j + 6. Let g(h) = -3*h**2 + h - 7. Let u(i) = -3*g(i) - 4*o(i). What is u(3)?
21
Let f(r) = 4*r + 0*r**2 + 0*r**2 - 5*r - 1 + r**2. What is f(-4)?
19
Let d(g) = 9*g - 5*g**2 - 10*g + 4 + 4*g**2. Let n = -37 + 41. Suppose n*x + 3 = 3*t + x, 4*t - 5*x - 8 = 0. Give d(t).
-2
Suppose p + 3*c + 33 = 0, 3*c + 25 = 